-22)?
38
Let a(l) = -l - 7. Give a(14).
-21
Let s(d) = -d**3 + 6*d**2 + d - 5. Give s(1).
1
Let h(v) = -71*v - 74. Give h(-1).
-3
Let x(o) = -2*o - 25. Give x(-14).
3
Let r(f) = f**3 - 14*f**2 + 16*f - 43. Determine r(13).
-4
Let w(q) = -q - 36. Calculate w(-36).
0
Let c(u) = u**3 - 16*u**2 - 27*u + 165. What is c(17)?
-5
Let c(y) = y**3 + 2*y**2 - y - 6. Calculate c(0).
-6
Let c(t) = t - 12. Calculate c(19).
7
Let x(k) = -2*k**2 - 15*k - 28. Calculate x(-7).
-21
Let m(s) = s**3 + 22*s**2 - 22*s + 53. Calculate m(-23).
30
Let c(v) = -v**3 - 3*v**2 + 3*v + 3. Calculate c(-3).
-6
Let k(p) = -p**3 + 11*p**2 + 24*p - 7. Give k(13).
-33
Let z(j) = j**3 + 10*j**2 + 7*j - 12. Determine z(-9).
6
Let z(o) = -o**2 - 7*o + 14. Give z(-9).
-4
Let n(r) = r**3 - 30*r**2 + 2*r - 56. What is n(30)?
4
Let p(c) = c**3 + 7*c**2 + 2*c + 5. What is p(-7)?
-9
Let b(u) = 3*u - 4. Determine b(4).
8
Let k(d) = -d**2 + 15*d - 54. Determine k(5).
-4
Let p(u) = 2*u**2 - u - 6. Determine p(-2).
4
Let v(t) = t**3 + 8*t**2 + 6*t + 6. Give v(-7).
13
Let x(k) = -k**2 + 6*k - 15. What is x(6)?
-15
Let q(t) = 3*t**2 + 8*t + 17. What is q(-4)?
33
Let o(j) = -j**2 - 30*j - 42. Give o(-29).
-13
Let o(m) = -m**2 + 10*m + 1. What is o(8)?
17
Let l(j) = 7*j - 3. Give l(3).
18
Let u(j) = -3*j - 37. Give u(-18).
17
Let m(l) = l + 16. Give m(-15).
1
Let f(y) = y**3 + 8*y**2 + 6*y - 25. Calculate f(-8).
-73
Let t(a) = a**3 + 11*a**2 + 23*a + 18. What is t(-8)?
26
Let p(d) = -d**3 + 5*d**2 - 6*d + 6. Calculate p(4).
-2
Let n(c) = -3*c**2 - 3*c + 11. Give n(2).
-7
Let c(y) = y**3 + 6*y**2 + 4*y - 1. What is c(-6)?
-25
Let p(q) = q**2 - 16*q - 26. Give p(18).
10
Let g(t) = t**3 - 11*t**2 + 10*t - 3. Give g(10).
-3
Let p(n) = -2*n - 5. What is p(-4)?
3
Let t(a) = a**2 + 5*a + 2. Determine t(-6).
8
Let g(m) = -14*m**3 - 3*m**2 - m + 1. Determine g(-1).
13
Let y(a) = -6*a**2 + 2*a. Calculate y(-2).
-28
Let i(k) = k**2 - 48. Give i(-6).
-12
Let r(u) = -9*u**2 - 2*u + 1. What is r(1)?
-10
Let j(s) = s**3 - 12*s**2 - 9*s - 55. Give j(13).
-3
Let w(j) = -j**3 + 17*j**2 + 17*j + 22. What is w(18)?
4
Let v(l) = 8*l + 1. Determine v(-6).
-47
Let h(c) = -5*c - 71. What is h(-15)?
4
Let r(s) = -s**2 + 15*s - 59. Give r(6).
-5
Let c(v) = v**3 - 2*v**2 - 7*v - 1. Calculate c(5).
39
Let f(z) = z**2 - z + 25. What is f(0)?
25
Let m(f) = f**3 + 7*f**2 - 13*f - 3. Give m(-9).
-48
Let k(b) = b**2 + 14*b - 9. What is k(-15)?
6
Let s(w) = -18*w + 3. Calculate s(-4).
75
Let u(w) = w + 14. Give u(-15).
-1
Let z(c) = -c**3 - 14*c**2 - 13*c - 9. Give z(-13).
-9
Let d(h) = 2*h**3 - 10*h**2 - 4*h - 2. What is d(5)?
-22
Let p(t) = -t - 3. Calculate p(11).
-14
Let h(j) = -j**2 - 10*j + 46. What is h(-14)?
-10
Let x(c) = -c**3 + 20*c**2 + c - 4. Give x(20).
16
Let g(q) = -q**2 + 6*q + 41. Give g(-5).
-14
Let p(l) = -7*l - 294. Determine p(-40).
-14
Let p(h) = h**2 - 15*h + 59. Determine p(8).
3
Let i(y) = y**3 + 7*y**2 + 6*y - 6. Calculate i(-5).
14
Let o(u) = u**2 + 19*u - 47. Determine o(-21).
-5
Let g(h) = 57*h - 215. What is g(4)?
13
Let n(g) = g**2 + 39*g + 182. Determine n(-33).
-16
Let k(c) = -2*c**2 - 16. What is k(-4)?
-48
Let a(h) = h**3 + 10*h**2 + 2*h + 12. Calculate a(-10).
-8
Let n(o) = o**2 - 5*o + 10. What is n(4)?
6
Let t(h) = -16*h - 5. Determine t(1).
-21
Let n(a) = a**2 - a - 16. Give n(7).
26
Let c(u) = -u**2 - 11*u - 3. Calculate c(-9).
15
Let t(i) = -i - 9. Give t(-4).
-5
Let r(w) = w**3 + 8*w**2 + 5*w - 9. What is r(-7)?
5
Let b(z) = 6*z**3 + 2*z - 1. What is b(1)?
7
Let p(l) = 7*l + 47. Calculate p(-7).
-2
Let k(l) = 2*l**2 - 11*l + 5. Determine k(6).
11
Let j(m) = m**2 + 8*m - 90. Determine j(6).
-6
Let k(p) = -13*p + 47. Determine k(3).
8
Let d(h) = 3*h**2 + 7*h + 6. Give d(-6).
72
Let f(j) = 6*j**3 + j + 2. Give f(-2).
-48
Let k(c) = -c**2 + 37*c - 294. What is k(25)?
6
Let a(w) = -7*w + 4. Give a(-3).
25
Let m(u) = -u + 25. Calculate m(-20).
45
Let f(c) = -2*c**2 - 28*c - 23. Determine f(-13).
3
Let v(i) = 4*i - 15. What is v(8)?
17
Let a(g) = g**2 + 14*g + 27. Calculate a(-12).
3
Let d(m) = -m**3 + 12*m**2 + m - 13. What is d(12)?
-1
Let b(p) = p**3 + 15*p**2 + 13*p - 29. What is b(-14)?
-15
Let b(x) = -45*x - 523. Give b(-12).
17
Let g(m) = m**3 + m**2 - 2*m - 1. Give g(-3).
-13
Let m(s) = -18*s - 33. Calculate m(-4).
39
Let h(l) = -43*l**3 + l**2. Calculate h(1).
-42
Let n(x) = x**3 + 16*x**2 + 13*x - 22. Calculate n(-15).
8
Let b(i) = -i**3 + i**2 - 2. Determine b(0).
-2
Let v(u) = u - 18. Give v(0).
-18
Let i(c) = -5*c - 17. Determine i(-18).
73
Let g(s) = 7*s**3 - 3*s**2 + 1. Determine g(2).
45
Let m(r) = -r**3 + 9*r**2 + 8*r + 6. Determine m(10).
-14
Let n(s) = -s**2 - 10*s - 15. Calculate n(-9).
-6
Let b(q) = 2*q + 23. Give b(-14).
-5
Let i(o) = o**2 + o - 3. What is i(-4)?
9
Let k(a) = -20*a + 261. Give k(13).
1
Let l(v) = -2*v + 6. Give l(6).
-6
Let w(b) = b**2 + 20*b - 8. Determine w(-14).
-92
Let b(y) = -y - 10. Determine b(-7).
-3
Let x(h) = -5*h + 67. Determine x(4).
47
Let o(h) = h**3 - 10*h**2 + 8*h + 13. What is o(9)?
4
Let m(d) = -2*d**2 + 3*d + 1. Determine m(3).
-8
Let u(i) = i**2 - 8*i - 6. What is u(9)?
3
Let a(c) = -c**3 + c**2 + 4*c - 3. Calculate a(2).
1
Let g(i) = i**3 + 5*i**2 - 2*i - 31. Give g(-4).
-7
Let z(p) = p + 24. Calculate z(-13).
11
Let m(p) = -p**3 - 12*p**2 - 15*p - 22. What is m(-9)?
-130
Let r(p) = p**2 + 4*p + 3. Give r(-2).
-1
Let b(f) = f**3 - 9*f**2 + 5*f - 40. What is b(9)?
5
Let s(q) = -2*q**2 + 13*q + 27. Determine s(8).
3
Let i(v) = 3*v**2 + 4*v - 10. Determine i(3).
29
Let a(i) = 7*i - 240. Give a(0).
-240
Let i(p) = -2*p - 18. Give i(-6).
-6
Let r(d) = -d - 2. What is r(12)?
-14
Let i(o) = o**3 - 12*o**2 + 2*o - 24. What is i(12)?
0
Let d(t) = t**2. Give d(4).
16
Let p(m) = 3*m**2 + 31*m + 4. Calculate p(-10).
-6
Let m(v) = 17*v**2 + 19*v + 19. Calculate m(-1).
17
Let w(b) = -b**3 + 6*b**2 - b + 13. What is w(6)?
7
Let f(b) = b**2 - 7*b - 3. Determine f(6).
-9
Let f(l) = -2*l**2 - 6*l + 22. Calculate f(-7).
-34
Let w(x) = -13*x + 42. Determine w(5).
-23
Let o(s) = -s**2 - 9*s + 10. What is o(-11)?
-12
Let i(w) = -14*w - 3. What is i(4)?
-59
Let l(i) = -i**3 - 9*i**2 - 4*i + 25. Give l(-8).
-7
Let w(y) = -3*y**2 - 5*y + 3. What is w(-4)?
-25
Let s(m) = -m**3 - 2*m**2 - 2*m - 1. What is s(-4)?
39
Let h(j) = -j**2 + 17*j - 49. Determine h(15).
-19
Let w(q) = -7*q**3 - 4*q**2 - 6*q - 2. Determine w(-2).
50
Let t(y) = -2*y - 5. Determine t(6).
-17
Let a(f) = f. Calculate a(-6).
-6
Let n(j) = -6*j + 38. What is n(0)?
38
Let y(h) = h**3 - 4*h**2 - 6*h - 4. Give y(5).
-9
Let v(g) = -12*g + 85. Give v(11).
-47
Let t(w) = -2*w**3 - 20*w**2 - 35*w - 156. Give t(-9).
-3
Let k(r) = 19*r - 184. Determine k(11).
25
Let q(h) = -h**3 - 6*h**2 - 9*h + 3. Give q(-4).
7
Let v(x) = x**2 + 13*x + 3. Determine v(-12).
-9
Let y(n) = 6*n + 108. What is y(-23)?
-30
Let l(w) = w**3 + 3*w**2 - 12*w - 40. What is l(-4)?
-8
Let g(h) = h**2 - 7*h - 43. Calculate g(0).
-43
Let z(u) = u**3 - 12*u**2 - 15*u + 4. Give z(13).
-22
Let p(x) = 12*x + 278. Give p(-22).
14
Let l(g) = -g**2 - 10*g - 20. What is l(-4)?
4
Let j(n) = n**3 + 5*n**2 + 4*n - 2. Determine j(-3).
4
Let w(q) = -23*q - 61. What is w(-3)?
8
Let s(o) = -o**2 - 9*o + 14. Give s(-9).
14
Let o(x) = x**2 + 4*x + 11. Calculate o(-3).
8
Let q(d) = d**2 + 5*d - 3. Give q(-3).
-9
Let j(b) = b**2 + 2*b - 268. Give j(0).
-268
Let l(v) = 39*v**3 + 4*v + 3. What is l(-1)?
-40
Let b(q) = -2*q**3 + 2*q**2 + q + 2. Calculate b(2).
-4
Let t(i) = -i**3 + 4*i**2 + 9*i - 11. Calculate t(5).
9
Let v(d) = d**3 + d**2 + 3*d - 23. What is v(0)?
-23
Let k(n) = 6*n + 25. What is k(-11)?
-41
Let v(d) = d + 29. Calculate v(-13).
16
Let q(t) = t**2 - 4*t - 43. Give q(9).
2
Let u(b) = 3*b**2 + 4*b - 1. What is u(-3)?
14
Let j(y) = -y**3 + 2*y**2 + 6*y - 5. What is j(4)?
-13
Let z(t) = -2*t**2 - 22*t - 11. What is z(-9)?
25
Let d(y) = 13*y**3 + 2*y**2 + y - 1. Give d(-1).
-13
Let s(g) = g**2 - 13*g - 3. Determine s(13).
-3
Let m(f) = 5*f + 3. Determine m(-1).
-2
Let f(d) = 3*d**3 - 3*d**2 - 3*d + 2. Determine f(-2).
-28
Let w(h) = -h**2 + 13*h - 19. Give w(12).
-7
Let y(i) = -3*i - 1. Give y(-5).
14
Let p(v) = -v**2 - 13*v + 7. Give p(-16).
-41
Let y(u) = u**3 - 5*u**2 - 5*u + 1. Determine y(6).
7
Let k(m) = m**3 + 10*m**2 + 12*m - 7. 